 - -255703726?
255703724
In base 11, what is 1895206 - 153?
1895063
In base 9, what is -343 - 234243?
-234586
In base 4, what is -20103 + 10021131?
10001022
In base 9, what is -20322 - 213?
-20535
In base 2, what is -10100010 - 11101010100010?
-11101101000100
In base 8, what is 3275 + -1675?
1400
In base 12, what is -4b + -93759?
-937a8
In base 14, what is -3b2531 - -17?
-3b2518
In base 3, what is 2121210012102 - -100?
2121210012202
In base 15, what is -acc33 - -15?
-acc1d
In base 3, what is 12001011 - -20112112?
102120200
In base 10, what is 5494868 + 4?
5494872
In base 12, what is -88b71 - 127?
-89098
In base 6, what is -5025113112 + 2?
-5025113110
In base 5, what is 10 - 410110223?
-410110213
In base 7, what is -1046 + 34543?
33464
In base 11, what is 103648762 + -1?
103648761
In base 9, what is -104 - -4170743?
4170638
In base 6, what is -2110423 + -404?
-2111231
In base 13, what is -45 - -5928b?
59246
In base 4, what is -31003 + -30113?
-121122
In base 15, what is a82c + -c1b?
9b11
In base 16, what is f5d - -4d69?
5cc6
In base 6, what is 203235 - -255?
203534
In base 15, what is -473906 - -4?
-473902
In base 15, what is -1344912 - -5?
-134490c
In base 3, what is -220202221022200021 - 11?
-220202221022200102
In base 12, what is 296 - 3b737?
-3b461
In base 10, what is 82544 + 71?
82615
In base 9, what is -2682 - 100840?
-103632
In base 7, what is 30364536 + -344?
30364162
In base 5, what is -4340311221 + 20?
-4340311201
In base 14, what is -26 - -a6270?
a6248
In base 5, what is -314210 + -211410?
-1031120
In base 13, what is -1 - 246ccbb?
-246ccbc
In base 6, what is -102002520 - -20?
-102002500
In base 8, what is -1230227 - -573?
-1227434
In base 14, what is -44c8 - -13?
-44b5
In base 16, what is -e2a + -1c1cf?
-1cff9
In base 5, what is -313 + 123022?
122204
In base 9, what is -2032437 - 23?
-2032461
In base 7, what is 5615 + 165?
6113
In base 9, what is -22673 - 242?
-23025
In base 15, what is b1ab6 + c?
b1ac3
In base 7, what is -536040 - -450?
-535260
In base 14, what is -c7 + -1c91d?
-1ca06
In base 12, what is -1 - -b2b1606?
b2b1605
In base 6, what is 25 - -113250?
113315
In base 14, what is 5 - 78b69c6?
-78b69c1
In base 5, what is 1 - -12043022?
12043023
In base 11, what is -35aa0 - 26?
-36016
In base 16, what is -5 - 165e215?
-165e21a
In base 8, what is 16 + -2705275?
-2705257
In base 8, what is -2141052311 + -2?
-2141052313
In base 6, what is 43230455 - 10?
43230445
In base 9, what is 34030581 - 4?
34030576
In base 16, what is -174062 - -2f?
-174033
In base 16, what is -3b8 - -221f?
1e67
In base 12, what is -67b69 - -49?
-67b20
In base 8, what is -15 + 2671730?
2671713
In base 6, what is -52131 - -1220545?
1124414
In base 15, what is 3 + e1a2b3?
e1a2b6
In base 11, what is -64a9784 + 2?
-64a9782
In base 6, what is -3230123 - 3533?
-3234100
In base 6, what is -2 + -50024103?
-50024105
In base 2, what is -1001011111110 - -100110110111111?
11101011000001
In base 3, what is 1002101011 + 112201?
1002220212
In base 6, what is -533130043 + -4?
-533130051
In base 8, what is 2012 + 167507?
171521
In base 9, what is -71625470 + -5?
-71625475
In base 15, what is 4 + 1cd700?
1cd704
In base 5, what is -4 - 32222012011?
-32222012020
In base 11, what is -63 + 1a8181?
1a8119
In base 11, what is -a - 273a9a?
-273aa9
In base 7, what is -13463 + -114620?
-131413
In base 7, what is 4224 - 64661?
-60434
In base 2, what is 1001111111010010010 + 11111111011?
1010000011010001101
In base 8, what is 22 + -555510?
-555466
In base 14, what is 1184d + 53?
118a2
In base 11, what is -290 - -92a3?
9013
In base 5, what is -131104401 - 1012?
-131110413
In base 13, what is 142bc - -c7a?
15269
In base 8, what is 76252 - -177?
76451
In base 11, what is 1 - 3866812?
-3866811
In base 12, what is -5448081a + 3?
-54480817
In base 11, what is 1030475 + -16?
103045a
In base 2, what is -101000101001010011010011 - -1011?
-101000101001010011001000
In base 5, what is 4433342234 - -1?
4433342240
In base 14, what is c - -1acdb82?
1acdb90
In base 8, what is -1 + -2520456?
-2520457
In base 14, what is 763 - -8186?
8909
In base 3, what is 2 + -10202220100222222?
-10202220100222220
In base 16, what is -14e6cfc + -5?
-14e6d01
In base 6, what is -31344054 + -335?
-31344433
In base 3, what is -1010012221110202 + -1?
-1010012221110210
In base 2, what is 0 + 111001111001101?
111001111001101
In base 7, what is 4 - -56466031?
56466035
In base 13, what is -1 - 8b470c?
-8b4710
In base 5, what is -44003201 + 1134?
-44002012
In base 4, what is -131200030221223 + 3?
-131200030221220
In base 7, what is 34 - 453423?
-453356
In base 9, what is -4 - 7033361?
-7033365
In base 2, what is -1110000101010000110 + 110?
-1110000101010000000
In base 11, what is -1307 - 284?
-1590
In base 7, what is 65242324 - -3?
65242330
In base 12, what is -13322 + 4a1?
-12a41
In base 9, what is 5 + 64272640?
64272645
In base 12, what is 50533 + -223?
50310
In base 16, what is -1b4ac74 + -3?
-1b4ac77
In base 9, what is 2538 - 66718?
-64170
In base 16, what is -1 + -5ef128?
-5ef129
In base 14, what is -25b + 8b03?
8886
In base 11, what is 782611 - 75?
782547
In base 3, what is -2212100201 - 12101211?
-10001202112
In base 9, what is 48754462 - -6?
48754468
In base 4, what is -13 + -31320212310?
-31320212323
In base 12, what is 6b9570 - 347?
6b9225
In base 11, what is -78 - 149a2?
-14a6a
In base 10, what is -6 - 98467?
-98473
In base 11, what is -1a2795 - 58?
-1a2842
In base 8, what is -375 + 50173?
47576
In base 3, what is 12 - -20200000012010?
20200000012022
In base 4, what is 2011113310 + 10030?
2011130000
In base 13, what is 539a24a + -9?
539a241
In base 14, what is 160 + -50bd?
-4d5d
In base 12, what is -63b6 - 64?
-645a
In base 4, what is -2312030310 - -212?
-2312030032
In base 6, what is -5401110 + 3315?
-5353351
In base 9, what is 174371475 - 2?
174371473
In base 15, what is -80207 - -116?
-800e1
In base 12, what is 7 + 46812?
46819
In base 5, what is 243132310 + 0?
243132310
In base 3, what is 10120110001 + -22212?
10120010012
In base 16, what is -3 + 6b88efc?
6b88ef9
In base 2, what is 11 - 111001100100110000100101?
-111001100100110000100010
In base 8, what is 2 - -5734414?
5734416
In base 5, what is 1140200413 + 3310?
1140204223
In base 2, what is 1000100011011110110110 + 0?
1000100011011110110110
In base 2, what is 1010111110101011001 - 100010001?
1010111110001001000
In base 8, what is 1755 + 535731?
537706
In base 14, what is d9c5a - -1d?
d9c79
In base 16, what is -43 - -4c5b?
4c18
In base 16, what is -1a168 - -a8?
-1a0c0
In base 14, what is -1 + 2b383d?
2b383c
In base 5, what is -1033320310 + 221?
-1033320034
In base 5, what is -3 - -40431404141?
40431404133
In base 15, what is cc923 - c?
cc916
In base 3, what is -212 + -1102121110112012?
-1102121110120001
In base 10, what is 594202 + 5?
594207
In base 13, what is -9 + 529c80?
529c74
In base 4, what is -3 - -1303323?
1303320
In base 13, what is -c7 + 1aba8a?
1ab993
In base 15, what is -17a7466 - -4?
-17a7462
In base 4, what is 10 - -130211231000?
130211231010
In base 16, what is -4c - 85dd?
-8629
In base 14, what is -6d1640 + 4?
-6d163a
In base 15, what is -789 + -14a1?
-1c3a
In base 15, what is -2e30 - 2a56?
-5986
In base 10, what is 119908 + 1301?
121209
In base 10, what is -703868077 + 2?
-703868075
In base 5, what is 1334120 + 2213110?
4102230
In base 16, what is -3f60 - 255?
-41b5
In base 3, what is 12 - 110201001100001?
-110201001022212
In base 8, what is -4126353133 - 5?
-4126353140
In base 11, what is -26289 - -3584?
-22805
In base 15, what is -4 - -11bcc963?
11bcc95e
In base 12, what is 1 - 7564a5b?
-7564a5a
In base 14, what is -10 - -1bccd5?
1bccc5
In base 3, what is 20120000022210 + -12?
20120000022121
In base 9, what is 376357 - -248?
376616
In base 7, what is -105555010 - -3?
-105555004
In base 8, what is -32 + 77311230?
77311176
In base 3, what is -11011111 + 10210222?
-100112
In base 14, what is -5bc95b - -2?
-5bc959
In base 8, what is 422627554 - -4?
422627560
In base 15, what is 3a395c + -25?
3a3937
In base 11, what is 10748003 - 3?
10748000
In base 10, what is -4 + 8236927?
8236923
In base 2, what is 1111010100010 - -1001110001100?
11001000101110
In base 7, what is 144 + 1424653?
1425130
In base 3, what is 21122 + -10012022110?
-10012000211
I